{"id":900,"date":"2023-07-01T20:56:05","date_gmt":"2023-07-01T20:56:05","guid":{"rendered":"https:\/\/pabloarchetti.com.ar\/?page_id=900"},"modified":"2023-07-03T01:40:11","modified_gmt":"2023-07-03T01:40:11","slug":"media","status":"publish","type":"page","link":"https:\/\/pabloarchetti.com.ar\/it\/media\/","title":{"rendered":"media"},"content":{"rendered":"<div class=\"wp-block-uagb-container uagb-block-1006b951 default uagb-is-root-container\">\n<h2 class=\"wp-block-heading\"><em>X-vide-O &gt;&nbsp;<a href=\"https:\/\/www.xposter.net.ar\/\">www.xposter.net.ar<\/a><\/em><a href=\"http:\/\/www.xposter.net.ar%2C\/\">,<\/a>&nbsp;2021<\/h2>\n\n\n\n<div class=\"wp-block-uagb-container uagb-block-e5d89146\">\n<figure class=\"wp-block-embed is-type-video is-provider-youtube wp-block-embed-youtube wp-embed-aspect-16-9 wp-has-aspect-ratio\"><div class=\"wp-block-embed__wrapper\">\n<iframe loading=\"lazy\" title=\"X-vide-O \/ www.xposter.net.ar (CCNC. Argentina, 2020)\" width=\"500\" height=\"281\" src=\"https:\/\/www.youtube.com\/embed\/4Nt_8mHSwRE?feature=oembed\" frameborder=\"0\" allow=\"accelerometer; autoplay; clipboard-write; encrypted-media; gyroscope; picture-in-picture; web-share\" referrerpolicy=\"strict-origin-when-cross-origin\" allowfullscreen><\/iframe>\n<\/div><figcaption class=\"wp-element-caption\"><a rel=\"noreferrer noopener\" href=\"https:\/\/www.xposter.net.ar\/\" target=\"_blank\">www.xposter.net.ar<\/a><br>El \u00ednfimo universo de un caldo de cultivo es registrado en dibujos, animaciones y capturas f\u00edlmicas mediante una c\u00e1mara anexada a un microscopio \u00f3ptico. Resulta de este gesto propio de un naturalista un video on\u00edrico que concluye en un c\u00f3digo QR que nos conduce a una p\u00e1gina web con \u00e9stos y nuevos materiales de \u201crecolecci\u00f3n cient\u00edfica\u201d. Este registro antinaturalista -pues carece de rigor cient\u00edfico- incluye amebas, algas, plantas acu\u00e1ticas, esporas y sonidos compuestos para la obra, siempre enmarcados en la circularidad que refiere al objetivo del microscopio como a las esferas del universo. [CCNC] Archetti \u2013 Vega Fischer \u2013 Videoproyecci\u00f3n (4:50), sonido est\u00e9reo y contenido para web.<\/figcaption><\/figure>\n<\/div>\n<\/div>\n\n\n\n<figure class=\"wp-block-image aligncenter size-large is-resized\"><img loading=\"lazy\" decoding=\"async\" src=\"https:\/\/pabloarchetti.com.ar\/wp-content\/uploads\/2023\/07\/qr-codeFINALXPOSTER-2020_07_14-21_59_12-UTC.png-1024x1024.webp\" alt=\"\" class=\"wp-image-1151\" width=\"256\" height=\"256\" srcset=\"https:\/\/pabloarchetti.com.ar\/wp-content\/uploads\/2023\/07\/qr-codeFINALXPOSTER-2020_07_14-21_59_12-UTC.png-1024x1024.webp 1024w, https:\/\/pabloarchetti.com.ar\/wp-content\/uploads\/2023\/07\/qr-codeFINALXPOSTER-2020_07_14-21_59_12-UTC.png-300x300.webp 300w, https:\/\/pabloarchetti.com.ar\/wp-content\/uploads\/2023\/07\/qr-codeFINALXPOSTER-2020_07_14-21_59_12-UTC.png-150x150.webp 150w, https:\/\/pabloarchetti.com.ar\/wp-content\/uploads\/2023\/07\/qr-codeFINALXPOSTER-2020_07_14-21_59_12-UTC.png-768x768.webp 768w, https:\/\/pabloarchetti.com.ar\/wp-content\/uploads\/2023\/07\/qr-codeFINALXPOSTER-2020_07_14-21_59_12-UTC.png-1536x1536.webp 1536w, https:\/\/pabloarchetti.com.ar\/wp-content\/uploads\/2023\/07\/qr-codeFINALXPOSTER-2020_07_14-21_59_12-UTC.png-2048x2048.webp 2048w\" sizes=\"auto, (max-width: 256px) 100vw, 256px\" \/><\/figure>\n\n\n\n<div class=\"wp-block-uagb-container uagb-block-4f0dbb20 default uagb-is-root-container\">\n<h2 class=\"wp-block-heading\"><em>27 de enero,<\/em>&nbsp;2021<\/h2>\n\n\n\n<div class=\"wp-block-uagb-container uagb-block-190aa287\">\n<figure class=\"wp-block-embed is-type-video is-provider-youtube wp-block-embed-youtube wp-embed-aspect-16-9 wp-has-aspect-ratio\"><div class=\"wp-block-embed__wrapper\">\n<iframe loading=\"lazy\" title=\"27 de enero - La m\u00e1scara de la muerte amarilla\" width=\"500\" height=\"281\" src=\"https:\/\/www.youtube.com\/embed\/rpg7WUc_Q3E?feature=oembed\" frameborder=\"0\" allow=\"accelerometer; autoplay; clipboard-write; encrypted-media; gyroscope; picture-in-picture; web-share\" referrerpolicy=\"strict-origin-when-cross-origin\" allowfullscreen><\/iframe>\n<\/div><\/figure>\n<\/div>\n<\/div>\n\n\n\n<p style=\"margin-top:var(--wp--preset--spacing--60);margin-right:var(--wp--preset--spacing--60);margin-bottom:var(--wp--preset--spacing--60);margin-left:var(--wp--preset--spacing--60)\">Primer video de&nbsp;<a rel=\"noreferrer noopener\" href=\"https:\/\/www.ccnc.com.ar\/mascara\" target=\"_blank\">La m\u00e1scara de la muerte amarilla. Diario de una peste (o dos). &lt;accede al contenido completo<\/a><\/p>\n\n\n\n<div class=\"wp-block-uagb-container wp-embed-aspect-16-9 wp-has-aspect-ratio uagb-block-6917918b default uagb-is-root-container\">\n<h2 class=\"wp-block-heading\"><em><a href=\"https:\/\/www.youtube.com\/watch?v=q95Qaw1tH-k\"><em>Una cosa asquerosa,<\/em>&nbsp;2021<\/a><\/em><\/h2>\n\n\n\n<div class=\"wp-block-uagb-container uagb-block-66f9ac2e\">\n<figure class=\"wp-block-embed is-type-video is-provider-youtube wp-block-embed-youtube wp-embed-aspect-16-9 wp-has-aspect-ratio\"><div class=\"wp-block-embed__wrapper\">\n<iframe loading=\"lazy\" title=\"Una cosa asquerosa - La m\u00e1scara de la muerte amarilla\" width=\"500\" height=\"281\" src=\"https:\/\/www.youtube.com\/embed\/q95Qaw1tH-k?feature=oembed\" frameborder=\"0\" allow=\"accelerometer; autoplay; clipboard-write; encrypted-media; gyroscope; picture-in-picture; web-share\" referrerpolicy=\"strict-origin-when-cross-origin\" allowfullscreen><\/iframe>\n<\/div><\/figure>\n<\/div>\n<\/div>\n\n\n\n<p class=\"wp-embed-aspect-16-9 wp-has-aspect-ratio\" style=\"margin-top:var(--wp--preset--spacing--60);margin-right:var(--wp--preset--spacing--60);margin-bottom:var(--wp--preset--spacing--60);margin-left:var(--wp--preset--spacing--60)\">Segundo video de&nbsp;<a rel=\"noreferrer noopener\" href=\"https:\/\/www.ccnc.com.ar\/mascara\" target=\"_blank\">La m\u00e1scara de la muerte amarilla. Diario de una peste (o dos). &lt;accede al contenido completo<\/a><\/p>\n\n\n\n<div class=\"wp-block-uagb-container uagb-block-38dab88c default uagb-is-root-container\">\n<h2 class=\"wp-block-heading\"><em>Recreo occipital, 2015.&nbsp;<\/em>videominuto<\/h2>\n\n\n\n<div class=\"inherit-container-width wp-block-group alignwide is-layout-constrained wp-block-group-is-layout-constrained\"><div class=\"wp-block-group__inner-container\">\n<div class=\"wp-block-columns are-vertically-aligned-center is-layout-flex wp-container-core-columns-is-layout-28f84493 wp-block-columns-is-layout-flex\">\n<div class=\"wp-block-column is-vertically-aligned-center is-layout-flow wp-block-column-is-layout-flow\" style=\"flex-basis:100%\">\n<div class=\"wp-block-uagb-image uagb-block-1472e0f8 wp-block-uagb-image--layout-default wp-block-uagb-image--effect-static wp-block-uagb-image--align-none\"><figure class=\"wp-block-uagb-image__figure\"><img decoding=\"async\"  sizes=\"auto, (max-width: 480px) 150px\" src=\"https:\/\/pabloarchetti.com.ar\/wp-content\/uploads\/2023\/07\/Recreo-Occipital-low.gif\" alt=\"\" width=\"1160\" height=\"651\" title=\"\" loading=\"lazy\"\/><\/figure><\/div>\n<\/div>\n<\/div>\n\n\n\n<p style=\"margin-top:var(--wp--preset--spacing--60);margin-right:var(--wp--preset--spacing--60);margin-bottom:var(--wp--preset--spacing--60);margin-left:var(--wp--preset--spacing--60);font-size:19px\">Participaci\u00f3n en el env\u00edo de videominutos&nbsp;<em>1\u00b4 Natura, Arte en Naturaleza como punto de partida<\/em>&nbsp;colaboraci\u00f3n del Posgrado MyTPP de la UNA Departamento de Artes Visuales Prilidiano Pueyrred\u00f3n para el programa art\u00edstico \u201cPays\u00b4Art\u201d en la Maison Verte del Jard\u00edn Bot\u00e1nico de Marnay Sur Seine, Francia.<\/p>\n<\/div><\/div>\n<\/div>","protected":false},"excerpt":{"rendered":"<p>X-vide-O &gt;&nbsp;www.xposter.net.ar,&nbsp;2021 27 de enero,&nbsp;2021 Primer video de&nbsp;La m\u00e1scara de la muerte amarilla. Diario de una peste (o dos). &lt;accede al contenido completo Una cosa asquerosa,&nbsp;2021 Segundo video de&nbsp;La m\u00e1scara de la muerte amarilla. Diario de una peste (o dos). &lt;accede al contenido completo Recreo occipital, 2015.&nbsp;videominuto Participaci\u00f3n en el env\u00edo de videominutos&nbsp;1\u00b4 Natura, Arte [&hellip;]<\/p>","protected":false},"author":1,"featured_media":0,"parent":0,"menu_order":0,"comment_status":"closed","ping_status":"closed","template":"","meta":{"_uag_custom_page_level_css":"","site-sidebar-layout":"default","site-content-layout":"","ast-site-content-layout":"default","site-content-style":"default","site-sidebar-style":"default","ast-global-header-display":"","ast-banner-title-visibility":"","ast-main-header-display":"","ast-hfb-above-header-display":"","ast-hfb-below-header-display":"","ast-hfb-mobile-header-display":"","site-post-title":"disabled","ast-breadcrumbs-content":"","ast-featured-img":"","footer-sml-layout":"","ast-disable-related-posts":"","theme-transparent-header-meta":"","adv-header-id-meta":"","stick-header-meta":"","header-above-stick-meta":"","header-main-stick-meta":"","header-below-stick-meta":"","astra-migrate-meta-layouts":"default","ast-page-background-enabled":"default","ast-page-background-meta":{"desktop":{"background-color":"var(--ast-global-color-4)","background-image":"","background-repeat":"repeat","background-position":"center center","background-size":"auto","background-attachment":"scroll","background-type":"","background-media":"","overlay-type":"","overlay-color":"","overlay-opacity":"","overlay-gradient":""},"tablet":{"background-color":"","background-image":"","background-repeat":"repeat","background-position":"center center","background-size":"auto","background-attachment":"scroll","background-type":"","background-media":"","overlay-type":"","overlay-color":"","overlay-opacity":"","overlay-gradient":""},"mobile":{"background-color":"","background-image":"","background-repeat":"repeat","background-position":"center center","background-size":"auto","background-attachment":"scroll","background-type":"","background-media":"","overlay-type":"","overlay-color":"","overlay-opacity":"","overlay-gradient":""}},"ast-content-background-meta":{"desktop":{"background-color":"var(--ast-global-color-5)","background-image":"","background-repeat":"repeat","background-position":"center center","background-size":"auto","background-attachment":"scroll","background-type":"","background-media":"","overlay-type":"","overlay-color":"","overlay-opacity":"","overlay-gradient":""},"tablet":{"background-color":"var(--ast-global-color-5)","background-image":"","background-repeat":"repeat","background-position":"center center","background-size":"auto","background-attachment":"scroll","background-type":"","background-media":"","overlay-type":"","overlay-color":"","overlay-opacity":"","overlay-gradient":""},"mobile":{"background-color":"var(--ast-global-color-5)","background-image":"","background-repeat":"repeat","background-position":"center center","background-size":"auto","background-attachment":"scroll","background-type":"","background-media":"","overlay-type":"","overlay-color":"","overlay-opacity":"","overlay-gradient":""}},"footnotes":""},"class_list":["post-900","page","type-page","status-publish","hentry"],"uagb_featured_image_src":{"full":false,"thumbnail":false,"medium":false,"medium_large":false,"large":false,"ufg_200_200":false,"ufg_300_300":false,"ufg_400_400":false,"1536x1536":false,"2048x2048":false,"trp-custom-language-flag":false},"uagb_author_info":{"display_name":"poliark","author_link":"https:\/\/pabloarchetti.com.ar\/it\/author\/poliark\/"},"uagb_comment_info":0,"uagb_excerpt":"X-vide-O &gt;&nbsp;www.xposter.net.ar,&nbsp;2021 27 de enero,&nbsp;2021 Primer video de&nbsp;La m\u00e1scara de la muerte amarilla. Diario de una peste (o dos). &lt;accede al contenido completo Una cosa asquerosa,&nbsp;2021 Segundo video de&nbsp;La m\u00e1scara de la muerte amarilla. Diario de una peste (o dos). &lt;accede al contenido completo Recreo occipital, 2015.&nbsp;videominuto Participaci\u00f3n en el env\u00edo de videominutos&nbsp;1\u00b4 Natura, Arte&hellip;","_links":{"self":[{"href":"https:\/\/pabloarchetti.com.ar\/it\/wp-json\/wp\/v2\/pages\/900","targetHints":{"allow":["GET"]}}],"collection":[{"href":"https:\/\/pabloarchetti.com.ar\/it\/wp-json\/wp\/v2\/pages"}],"about":[{"href":"https:\/\/pabloarchetti.com.ar\/it\/wp-json\/wp\/v2\/types\/page"}],"author":[{"embeddable":true,"href":"https:\/\/pabloarchetti.com.ar\/it\/wp-json\/wp\/v2\/users\/1"}],"replies":[{"embeddable":true,"href":"https:\/\/pabloarchetti.com.ar\/it\/wp-json\/wp\/v2\/comments?post=900"}],"version-history":[{"count":0,"href":"https:\/\/pabloarchetti.com.ar\/it\/wp-json\/wp\/v2\/pages\/900\/revisions"}],"wp:attachment":[{"href":"https:\/\/pabloarchetti.com.ar\/it\/wp-json\/wp\/v2\/media?parent=900"}],"curies":[{"name":"wp","href":"https:\/\/api.w.org\/{rel}","templated":true}]}}

<div class="wp-block-uagb-container uagb-block-1006b951 default uagb-is-root-container">
<h2 class="wp-block-heading"><em>X-vide-O &gt;&nbsp;<a href="https://www.xposter.net.ar/">www.xposter.net.ar</a></em><a href="http://www.xposter.net.ar%2C/">,</a>&nbsp;2021</h2>



<div class="wp-block-uagb-container uagb-block-e5d89146">
<figure class="wp-block-embed is-type-video is-provider-youtube wp-block-embed-youtube wp-embed-aspect-16-9 wp-has-aspect-ratio"><div class="wp-block-embed__wrapper">
<iframe loading="lazy" title="X-vide-O / www.xposter.net.ar (CCNC. Argentina, 2020)" width="500" height="281" src="https://www.youtube.com/embed/4Nt_8mHSwRE?feature=oembed" frameborder="0" allow="accelerometer; autoplay; clipboard-write; encrypted-media; gyroscope; picture-in-picture; web-share" referrerpolicy="strict-origin-when-cross-origin" allowfullscreen></iframe>
</div><figcaption class="wp-element-caption"><a rel="noreferrer noopener" href="https://www.xposter.net.ar/" target="_blank">www.xposter.net.ar</a><br>El ínfimo universo de un caldo de cultivo es registrado en dibujos, animaciones y capturas fílmicas mediante una cámara anexada a un microscopio óptico. Resulta de este gesto propio de un naturalista un video onírico que concluye en un código QR que nos conduce a una página web con éstos y nuevos materiales de “recolección científica”. Este registro antinaturalista -pues carece de rigor científico- incluye amebas, algas, plantas acuáticas, esporas y sonidos compuestos para la obra, siempre enmarcados en la circularidad que refiere al objetivo del microscopio como a las esferas del universo. [CCNC] Archetti – Vega Fischer – Videoproyección (4:50), sonido estéreo y contenido para web.</figcaption></figure>
</div>
</div>



<figure class="wp-block-image aligncenter size-large is-resized"><img loading="lazy" decoding="async" src="https://pabloarchetti.com.ar/wp-content/uploads/2023/07/qr-codeFINALXPOSTER-2020_07_14-21_59_12-UTC.png-1024x1024.webp" alt="" class="wp-image-1151" width="256" height="256" srcset="https://pabloarchetti.com.ar/wp-content/uploads/2023/07/qr-codeFINALXPOSTER-2020_07_14-21_59_12-UTC.png-1024x1024.webp 1024w, https://pabloarchetti.com.ar/wp-content/uploads/2023/07/qr-codeFINALXPOSTER-2020_07_14-21_59_12-UTC.png-300x300.webp 300w, https://pabloarchetti.com.ar/wp-content/uploads/2023/07/qr-codeFINALXPOSTER-2020_07_14-21_59_12-UTC.png-150x150.webp 150w, https://pabloarchetti.com.ar/wp-content/uploads/2023/07/qr-codeFINALXPOSTER-2020_07_14-21_59_12-UTC.png-768x768.webp 768w, https://pabloarchetti.com.ar/wp-content/uploads/2023/07/qr-codeFINALXPOSTER-2020_07_14-21_59_12-UTC.png-1536x1536.webp 1536w, https://pabloarchetti.com.ar/wp-content/uploads/2023/07/qr-codeFINALXPOSTER-2020_07_14-21_59_12-UTC.png-2048x2048.webp 2048w" sizes="auto, (max-width: 256px) 100vw, 256px" /></figure>



<div class="wp-block-uagb-container uagb-block-4f0dbb20 default uagb-is-root-container">
<h2 class="wp-block-heading"><em>27 de enero,</em>&nbsp;2021</h2>



<div class="wp-block-uagb-container uagb-block-190aa287">
<figure class="wp-block-embed is-type-video is-provider-youtube wp-block-embed-youtube wp-embed-aspect-16-9 wp-has-aspect-ratio"><div class="wp-block-embed__wrapper">
<iframe loading="lazy" title="27 de enero - La máscara de la muerte amarilla" width="500" height="281" src="https://www.youtube.com/embed/rpg7WUc_Q3E?feature=oembed" frameborder="0" allow="accelerometer; autoplay; clipboard-write; encrypted-media; gyroscope; picture-in-picture; web-share" referrerpolicy="strict-origin-when-cross-origin" allowfullscreen></iframe>
</div></figure>
</div>
</div>



<p style="margin-top:var(--wp--preset--spacing--60);margin-right:var(--wp--preset--spacing--60);margin-bottom:var(--wp--preset--spacing--60);margin-left:var(--wp--preset--spacing--60)">Primer video de&nbsp;<a rel="noreferrer noopener" href="https://www.ccnc.com.ar/mascara" target="_blank">La máscara de la muerte amarilla. Diario de una peste (o dos). &lt;accede al contenido completo</a></p>



<div class="wp-block-uagb-container wp-embed-aspect-16-9 wp-has-aspect-ratio uagb-block-6917918b default uagb-is-root-container">
<h2 class="wp-block-heading"><em><a href="https://www.youtube.com/watch?v=q95Qaw1tH-k"><em>Una cosa asquerosa,</em>&nbsp;2021</a></em></h2>



<div class="wp-block-uagb-container uagb-block-66f9ac2e">
<figure class="wp-block-embed is-type-video is-provider-youtube wp-block-embed-youtube wp-embed-aspect-16-9 wp-has-aspect-ratio"><div class="wp-block-embed__wrapper">
<iframe loading="lazy" title="Una cosa asquerosa - La máscara de la muerte amarilla" width="500" height="281" src="https://www.youtube.com/embed/q95Qaw1tH-k?feature=oembed" frameborder="0" allow="accelerometer; autoplay; clipboard-write; encrypted-media; gyroscope; picture-in-picture; web-share" referrerpolicy="strict-origin-when-cross-origin" allowfullscreen></iframe>
</div></figure>
</div>
</div>



<p class="wp-embed-aspect-16-9 wp-has-aspect-ratio" style="margin-top:var(--wp--preset--spacing--60);margin-right:var(--wp--preset--spacing--60);margin-bottom:var(--wp--preset--spacing--60);margin-left:var(--wp--preset--spacing--60)">Segundo video de&nbsp;<a rel="noreferrer noopener" href="https://www.ccnc.com.ar/mascara" target="_blank">La máscara de la muerte amarilla. Diario de una peste (o dos). &lt;accede al contenido completo</a></p>



<div class="wp-block-uagb-container uagb-block-38dab88c default uagb-is-root-container">
<h2 class="wp-block-heading"><em>Recreo occipital, 2015.&nbsp;</em>videominuto</h2>



<div class="inherit-container-width wp-block-group alignwide is-layout-constrained wp-block-group-is-layout-constrained"><div class="wp-block-group__inner-container">
<div class="wp-block-columns are-vertically-aligned-center is-layout-flex wp-container-core-columns-is-layout-28f84493 wp-block-columns-is-layout-flex">
<div class="wp-block-column is-vertically-aligned-center is-layout-flow wp-block-column-is-layout-flow" style="flex-basis:100%">
<div class="wp-block-uagb-image uagb-block-1472e0f8 wp-block-uagb-image--layout-default wp-block-uagb-image--effect-static wp-block-uagb-image--align-none"><figure class="wp-block-uagb-image__figure"><img decoding="async"  sizes="auto, (max-width: 480px) 150px" src="https://pabloarchetti.com.ar/wp-content/uploads/2023/07/Recreo-Occipital-low.gif" alt="" width="1160" height="651" title="" loading="lazy"/></figure></div>
</div>
</div>



<p style="margin-top:var(--wp--preset--spacing--60);margin-right:var(--wp--preset--spacing--60);margin-bottom:var(--wp--preset--spacing--60);margin-left:var(--wp--preset--spacing--60);font-size:19px">Participación en el envío de videominutos&nbsp;<em>1´ Natura, Arte en Naturaleza como punto de partida</em>&nbsp;colaboración del Posgrado MyTPP de la UNA Departamento de Artes Visuales Prilidiano Pueyrredón para el programa artístico “Pays´Art” en la Maison Verte del Jardín Botánico de Marnay Sur Seine, Francia.</p>
</div></div>
</div>

<p>X-vide-O &gt;&nbsp;www.xposter.net.ar,&nbsp;2021 27 de enero,&nbsp;2021 Primer video de&nbsp;La máscara de la muerte amarilla. Diario de una peste (o dos). &lt;accede al contenido completo Una cosa asquerosa,&nbsp;2021 Segundo video de&nbsp;La máscara de la muerte amarilla. Diario de una peste (o dos). &lt;accede al contenido completo Recreo occipital, 2015.&nbsp;videominuto Participación en el envío de videominutos&nbsp;1´ Natura, Arte [&hellip;]</p>

X-vide-O &gt;&nbsp;www.xposter.net.ar,&nbsp;2021 27 de enero,&nbsp;2021 Primer video de&nbsp;La máscara de la muerte amarilla. Diario de una peste (o dos). &lt;accede al contenido completo Una cosa asquerosa,&nbsp;2021 Segundo video de&nbsp;La máscara de la muerte amarilla. Diario de una peste (o dos). &lt;accede al contenido completo Recreo occipital, 2015.&nbsp;videominuto Participación en el envío de videominutos&nbsp;1´ Natura, Arte&hellip;
